t -2 (base 12) to base 5.
-2
What is -3 (base 12) in base 13?
-3
What is -62 (base 7) in base 11?
-40
1100 (base 3) to base 13
2a
What is -3 (base 4) in base 13?
-3
What is -13 (base 15) in base 3?
-200
-40 (base 7) to base 8
-34
Convert 4c (base 13) to base 15.
44
What is 12 (base 5) in base 2?
111
2 (base 14) to base 3
2
Convert -40 (base 13) to base 4.
-310
What is 14 (base 11) in base 2?
1111
What is 0 (base 14) in base 15?
0
What is -2 (base 7) in base 16?
-2
What is e (base 15) in base 10?
14
What is 2 (base 10) in base 7?
2
-5 (base 9) to base 10
-5
What is 10 (base 3) in base 16?
3
1 (base 10) to base 14
1
23 (base 4) to base 16
b
-4 (base 7) to base 2
-100
122 (base 10) to base 2
1111010
Convert -10 (base 14) to base 9.
-15
Convert 26 (base 10) to base 14.
1c
What is -b (base 13) in base 10?
-11
-2a (base 13) to base 12
-30
-2 (base 13) to base 7
-2
-25 (base 6) to base 2
-10001
What is 20 (base 5) in base 2?
1010
-2 (base 14) to base 10
-2
Convert 11 (base 2) to base 15.
3
-11 (base 2) to base 8
-3
1000 (base 3) to base 10
27
2 (base 11) to base 9
2
13 (base 6) to base 8
11
-4 (base 8) to base 16
-4
-1 (base 11) to base 14
-1
Convert 3 (base 8) to base 5.
3
Convert -13 (base 6) to base 13.
-9
What is -2 (base 4) in base 3?
-2
What is -1 (base 4) in base 12?
-1
What is 24 (base 11) in base 10?
26
-5 (base 13) to base 10
-5
Convert -11 (base 4) to base 2.
-101
What is -b2 (base 14) in base 13?
-c0
-4 (base 14) to base 4
-10
What is -107 (base 9) in base 6?
-224
-1 (base 6) to base 2
-1
15 (base 12) to base 11
16
Convert 3110 (base 4) to base 7.
422
Convert -a (base 14) to base 16.
-a
What is 3 (base 5) in base 8?
3
Convert -11 (base 3) to base 7.
-4
Convert -16 (base 10) to base 2.
-10000
Convert 1 (base 13) to base 15.
1
What is 13 (base 12) in base 6?
23
Convert -2 (base 15) to base 14.
-2
Convert -204 (base 9) to base 10.
-166
What is -4 (base 15) in base 4?
-10
-6c (base 15) to base 10
-102
64 (base 10) to base 6
144
What is 2 (base 4) in base 2?
10
What is 35 (base 13) in base 4?
230
Convert -72 (base 10) to base 5.
-242
Convert -3 (base 14) to base 16.
-3
Convert 1 (base 14) to base 12.
1
Convert 2 (base 6) to base 14.
2
Convert 126 (base 8) to base 4.
1112
Convert 22 (base 5) to base 6.
20
Convert -3 (base 7) to base 16.
-3
Convert 201 (base 3) to base 14.
15
3 (base 6) to base 8
3
Convert -127 (base 8) to base 10.
-87
-203 (base 4) to base 8
-43
Convert -37 (base 8) to base 10.
-31
-10 (base 12) to base 13
-c
What is 16 (base 8) in base 5?
24
-3 (base 15) to base 13
-3
0 (base 5) to base 16
0
-34 (base 7) to base 14
-1b
What is -2 (base 4) in base 2?
-10
What is 35 (base 7) in base 8?
32
32 (base 5) to base 9
18
-25 (base 10) to base 14
-1b
What is 0 (base 10) in base 9?
0
What is 10011010 (base 2) in base 7?
310
-213 (base 4) to base 2
-100111
14 (base 7) to base 3
102
What is -343 (base 8) in base 9?
-272
What is -3 (base 10) in base 15?
-3
Convert -221 (base 4) to base 12.
-35
-5 (base 11) to base 3
-12
What is -8 (base 10) in base 12?
-8
Convert 14 (base 8) to base 10.
12
What is -156 (base 11) in base 7?
-350
3 (base 14) to base 16
3
What is -10 (base 2) in base 5?
-2
-3 (base 8) to base 2
-11
Convert 3 (base 11) to base 16.
3
What is -a1 (base 11) in base 12?
-93
107 (base 13) to base 6
452
-96 (base 10) to base 15
-66
Convert 25 (base 9) to base 10.
23
What is 28 (base 15) in base 12?
32
-1 (base 5) to base 9
-1
What is -12 (base 7) in base 12?
-9
What is 3 (base 10) in base 12?
3
Convert 0 (base 4) to base 10.
0
What is 3 (base 11) in base 13?
3
What is -13 (base 6) in base 12?
-9
What is -58 (base 16) in base 3?
-10021
What is 50 (base 7) in base 16?
23
What is -10000101 (base 2) in base 3?
-11221
What is 2 (base 8) in base 4?
2
What is 47 (base 12) in base 15?
3a
Convert -13 (base 7) to base 14.
-a
Convert 38 (base 13) to base 2.
101111
19 (base 10) to base 12
17
Convert -151 (base 6) to base 10.
-67
Convert -56 (base 10) to base 13.
-44
What is 1 (base 16) in base 15?
1
Convert -100100 (base 2) to base 5.
-121
Convert -5 (base 7) to base 16.
-5
Convert ec (base 15) to base 14.
11c
25 (base 12) to base 6
45
-3 (base 15) to base 7
-3
Convert -111 (base 4) to base 3.
-210
Convert -122 (base 13) to base 6.
-525
What is 6 (base 13) in base 6?
10
Convert 1002 (base 5) to base 6.
331
Convert -20 (base 7) to base 14.
-10
What is -304 (base 5) in base 2?
-1001111
125 (base 6) to base 14
3b
Convert -5 (base 16) to base 12.
-5
-32 (base 10) to base 3
-1012
Convert 30 (base 16) to base 8.
60
What is -50 (base 10) in base 6?
-122
Convert -5 (base 11) to base 12.
-5
What is 0 (base 7) in base 15?
0
-9 (base 14) to base 7
-12
414 (base 6) to base 16
9a
What is -a7 (base 11) in base 16?
-75
-6e (base 16) to base 10
-110
9 (base 11) to base 6
13
Convert -46 (base 9) to base 10.
-42
Convert 11 (base 8) to base 3.
100
Convert 0 (base 12) to base 5.
0
Convert -110 (base 2) to base 7.
-6
What is 84 (base 11) in base 14?
68
Convert 0 (base 9) to base 16.
0
-101 (base 2) to base 8
-5
What is -6 (base 11) in base 9?
-6
Convert -2201 (base 3) to base 5.
-243
What is 122 (base 4) in base 15?
1b
Convert -3 (base 10) to base 12.
-3
What is -98 (base 13) in base 14?
-8d
What is 18 (base 11) in base 6?
31
What is 3 (base 10) in base 14?
3
What is -75 (base 10) in base 16?
-4b
Convert 0 (base 7) to base 3.
0
Convert 13 (base 7) to base 15.
a
What is 4 (base 5) in base 11?
4
-18 (base 12) to base 11
-19
-304 (base 6) to base 15
-77
18 (base 14) to base 9
24
What is 7b (base 13) in base 8?
146
What is -21 (base 15) in base 2?
-11111
What is 12 (base 10) in base 4?
30
Convert 3 (base 12) to base 8.
3
141 (base 9) to base 14
86
14 (base 9) to base 4
31
Convert -153 (base 11) to base 12.
-12b
Convert 10 (base 6) to base 2.
110
What is 11 (base 6) in base 4?
13
What is 7 (base 16) in base 11?
7
Convert -6 (base 13) to base 5.
-11
-10 (base 6) to base 7
-6
Convert 13 (base 6) to base 10.
9
-7f (base 16) to base 12
-a7
What is 100200 (base 3) in base 6?
1113
Convert 165 (base 16) to base 4.
11211
Convert -188 (base 10) to base 14.
-d6
Convert 1 (base 5) to base 16.
1
Convert 2 (base 14) to base 7.
2
-383 (base 9) to base 6
-1250
Convert 8 (base 14) to base 8.
10
What is -b1 (base 15) in base 7?
-325
-7 (base 9) to base 2
-111
Convert 12 (base 3) to base 6.
5
What is 51 (base 15) in base 11?
6a
4 (base 11) to base 14
4
Convert 24 (base 7) to base 2.
10010
Convert 2c (base 13) to base 7.
53
-133 (base 4) to base 6
-51
-6 (base 16) to base 9
-6
53 (base 13) to base 2
1000100
What is 3 (base 9) in base 11?
3
Convert 0 (base 6) to base 5.
0
-212 (base 3) to base 7
-32
What is -1 (base 8) in base 13?
-1
-503 (base 6) to base 2
-10110111
Convert -31 (base 4) to base 16.
-d
What is 3 (base 11) in base 3?
10
What is -21 (base 14) in base 4?
-131
Convert -4 (base 10) to base 5.
-4
What is -14 (base 5) in base 12?
-9
175 (base 11) to base 15
d8
What is 2 (base 11) in base 10?
2
What is 9 (base 16) in base 6?
13
What is -6 (base 11) in base 4?
-12
Convert 10001 (base 2) to base 12.
15
What is -160 (base 10) in base 6?
-424
Convert -39 (base 12) to base 5.
-140
-4 (base 7) to base 12
-4
f1 (base 16) to base 8
361
What is -125 (base 7) in base 13?
-53
Convert -1101 (base 2) to base 14.
-d
-1 (base 13) to base 4
-1
-515 (base 6) to base 9
-232
Convert -4 (base 16) to base 11.
-4
10010 (base 3) to base 12
70
-2212 (base 4) to base 7
-325
What is -4 (base 10) in base 6?
-4
What is -51 (base 10) in base 14?
-39
Convert 5 (base 12) to base 13.
5
Convert 3 (base 5) to base 15.
3
-14 (base 13) to base 8
-21
Convert 222 (base 3) to base 12.
22
What is -109 (base 10) in base 7?
-214
-302 (base 4) to base 12
-42
1220 (base 3) to base 14
39
101100 (base 2) to base 15
2e
What is 12 (base 9) in base 3?
102
Convert 5 (base 8) to base 7.
5
Convert 100 (base 4) to base 11.
15
Convert -7b (base 13) to base 4.
-1212
-4 (base 16) to base 6
-4
What is 11 (base 3) in base 10?
4
Convert -5 (base 10) to base 6.
-5
-5 (base 10) to base 5
-10
-2 (base 12) to base 7
-2
What is 4 (base 12) in base 6?
4
What is -201 (base 6) in base 13?
-58
-1 (base 15) to base 2
-1
Convert 2 (base 12) to base 8.
2
535 (base 8) to base 11
298
Convert -4 (base 16) to base 2.
-100
Convert -3011 (base 4) to bas